{"id":103,"date":"2025-12-03T19:01:07","date_gmt":"2025-12-03T18:01:07","guid":{"rendered":"https:\/\/www.trcmuire.com\/wordpress\/?page_id=103"},"modified":"2025-12-03T19:46:19","modified_gmt":"2025-12-03T18:46:19","slug":"enseignements","status":"publish","type":"page","link":"https:\/\/www.trcmuire.com\/wordpress\/enseignements\/","title":{"rendered":"Enseignements"},"content":{"rendered":"\n<h2 class=\"wp-block-heading\">Enfants<\/h2>\n\n\n\n<p><\/p>\n\n\n\n<h2 class=\"wp-block-heading\">Adultes<\/h2>\n\n\n\n<p><\/p>\n\n\n\n<h2 class=\"wp-block-heading\">Familles<\/h2>\n\n\n\n<p><\/p>\n\n\n\n<h2 class=\"wp-block-heading\">Le professeur<\/h2>\n\n\n\n<figure class=\"wp-block-image size-large\"><img fetchpriority=\"high\" decoding=\"async\" width=\"1024\" height=\"1015\" src=\"https:\/\/www.trcmuire.com\/wordpress\/wp-content\/uploads\/2025\/12\/IMG_0524-1024x1015.jpg\" alt=\"\" class=\"wp-image-119\" srcset=\"https:\/\/www.trcmuire.com\/wordpress\/wp-content\/uploads\/2025\/12\/IMG_0524-1024x1015.jpg 1024w, https:\/\/www.trcmuire.com\/wordpress\/wp-content\/uploads\/2025\/12\/IMG_0524-300x297.jpg 300w, https:\/\/www.trcmuire.com\/wordpress\/wp-content\/uploads\/2025\/12\/IMG_0524-150x150.jpg 150w, https:\/\/www.trcmuire.com\/wordpress\/wp-content\/uploads\/2025\/12\/IMG_0524-768x761.jpg 768w, https:\/\/www.trcmuire.com\/wordpress\/wp-content\/uploads\/2025\/12\/IMG_0524-100x100.jpg 100w, https:\/\/www.trcmuire.com\/wordpress\/wp-content\/uploads\/2025\/12\/IMG_0524.jpg 1284w\" sizes=\"(max-width: 767px) 89vw, (max-width: 1000px) 54vw, (max-width: 1071px) 543px, 580px\" \/><figcaption class=\"wp-element-caption\">Alexandre<\/figcaption><\/figure>\n\n\n\n<p>Pr\u00e9sentation de notre coach !<br>Nous sommes fiers de vous pr\u00e9senter Alexandre BLOT, notre entra\u00eeneur passionn\u00e9 au sein de notre club familial, cr\u00e9\u00e9 par son grand-p\u00e8re. <br>Avec une licence STAPS et un DE JEPS\u00a0Tennis, il cumule 15 ans d&rsquo;exp\u00e9rience en tant que professeur de tennis et 30 ans en tant que joueur.<br>Sa vision ? Se faire plaisir avant tout ! Il croit fermement que le tennis est un jeu pour tous, et il s&rsquo;engage a faire en sorte que chaque membre de notre club puisse s&rsquo;\u00e9panouir sur le court.<br>Rejoignez-nous pour vivre cette belle aventure tennistique ensemble !<\/p>\n","protected":false},"excerpt":{"rendered":"<p>Enfants Adultes Familles Le professeur Pr\u00e9sentation de notre coach !Nous sommes fiers de vous pr\u00e9senter Alexandre BLOT, notre entra\u00eeneur passionn\u00e9 au sein de notre club familial, cr\u00e9\u00e9 par son grand-p\u00e8re. Avec une licence STAPS et un DE JEPS\u00a0Tennis, il cumule 15 ans d&rsquo;exp\u00e9rience en tant que professeur de tennis et 30 ans en tant que &hellip; <\/p>\n<p class=\"link-more\"><a href=\"https:\/\/www.trcmuire.com\/wordpress\/enseignements\/\" class=\"more-link\">Continuer la lecture<span class=\"screen-reader-text\"> de &laquo;&nbsp;Enseignements&nbsp;&raquo;<\/span><\/a><\/p>\n","protected":false},"author":1,"featured_media":0,"parent":0,"menu_order":0,"comment_status":"closed","ping_status":"closed","template":"","meta":{"footnotes":""},"class_list":["post-103","page","type-page","status-publish","hentry"],"_links":{"self":[{"href":"https:\/\/www.trcmuire.com\/wordpress\/wp-json\/wp\/v2\/pages\/103","targetHints":{"allow":["GET"]}}],"collection":[{"href":"https:\/\/www.trcmuire.com\/wordpress\/wp-json\/wp\/v2\/pages"}],"about":[{"href":"https:\/\/www.trcmuire.com\/wordpress\/wp-json\/wp\/v2\/types\/page"}],"author":[{"embeddable":true,"href":"https:\/\/www.trcmuire.com\/wordpress\/wp-json\/wp\/v2\/users\/1"}],"replies":[{"embeddable":true,"href":"https:\/\/www.trcmuire.com\/wordpress\/wp-json\/wp\/v2\/comments?post=103"}],"version-history":[{"count":3,"href":"https:\/\/www.trcmuire.com\/wordpress\/wp-json\/wp\/v2\/pages\/103\/revisions"}],"predecessor-version":[{"id":120,"href":"https:\/\/www.trcmuire.com\/wordpress\/wp-json\/wp\/v2\/pages\/103\/revisions\/120"}],"wp:attachment":[{"href":"https:\/\/www.trcmuire.com\/wordpress\/wp-json\/wp\/v2\/media?parent=103"}],"curies":[{"name":"wp","href":"https:\/\/api.w.org\/{rel}","templated":true}]}}